, 2161
What are the prime factors of 2210?
2, 5, 13, 17
What are the prime factors of 6639?
3, 2213
What are the prime factors of 70891?
70891
What are the prime factors of 4711?
7, 673
What are the prime factors of 2119?
13, 163
List the prime factors of 1306.
2, 653
List the prime factors of 25556.
2, 6389
What are the prime factors of 26554?
2, 11, 17, 71
What are the prime factors of 28150?
2, 5, 563
List the prime factors of 17491.
17491
List the prime factors of 7750.
2, 5, 31
What are the prime factors of 172?
2, 43
List the prime factors of 259.
7, 37
What are the prime factors of 6169?
31, 199
What are the prime factors of 44240?
2, 5, 7, 79
What are the prime factors of 680?
2, 5, 17
List the prime factors of 18486.
2, 3, 13, 79
What are the prime factors of 219?
3, 73
List the prime factors of 806.
2, 13, 31
List the prime factors of 7021.
7, 17, 59
What are the prime factors of 2641?
19, 139
List the prime factors of 352.
2, 11
What are the prime factors of 2302?
2, 1151
List the prime factors of 3569.
43, 83
List the prime factors of 86273.
11, 23, 31
List the prime factors of 113355.
3, 5, 11, 229
What are the prime factors of 7488?
2, 3, 13
List the prime factors of 2504.
2, 313
What are the prime factors of 2287?
2287
What are the prime factors of 3557?
3557
List the prime factors of 104232.
2, 3, 43, 101
What are the prime factors of 6812?
2, 13, 131
What are the prime factors of 30982?
2, 7, 2213
What are the prime factors of 1960?
2, 5, 7
What are the prime factors of 78721?
78721
List the prime factors of 1040.
2, 5, 13
List the prime factors of 16046.
2, 71, 113
What are the prime factors of 103690?
2, 5, 10369
What are the prime factors of 1562?
2, 11, 71
What are the prime factors of 20078?
2, 10039
List the prime factors of 281.
281
List the prime factors of 20306.
2, 11, 13, 71
List the prime factors of 1365.
3, 5, 7, 13
What are the prime factors of 4988?
2, 29, 43
List the prime factors of 202.
2, 101
List the prime factors of 37567.
37567
List the prime factors of 521.
521
List the prime factors of 485.
5, 97
List the prime factors of 1932.
2, 3, 7, 23
List the prime factors of 1121.
19, 59
What are the prime factors of 884?
2, 13, 17
What are the prime factors of 1957?
19, 103
List the prime factors of 40656.
2, 3, 7, 11
List the prime factors of 19552.
2, 13, 47
List the prime factors of 2028.
2, 3, 13
What are the prime factors of 4919?
4919
What are the prime factors of 39413?
11, 3583
What are the prime factors of 1679?
23, 73
List the prime factors of 1079.
13, 83
What are the prime factors of 8701?
7, 11, 113
List the prime factors of 3365.
5, 673
What are the prime factors of 7031?
79, 89
What are the prime factors of 37?
37
What are the prime factors of 50800?
2, 5, 127
List the prime factors of 87956.
2, 11, 1999
What are the prime factors of 4834?
2, 2417
What are the prime factors of 75254?
2, 191, 197
What are the prime factors of 778?
2, 389
What are the prime factors of 36999?
3, 4111
List the prime factors of 1004.
2, 251
List the prime factors of 3864.
2, 3, 7, 23
What are the prime factors of 141208?
2, 19, 929
What are the prime factors of 30406?
2, 23, 661
What are the prime factors of 55925?
5, 2237
What are the prime factors of 3959?
37, 107
What are the prime factors of 1292?
2, 17, 19
List the prime factors of 18334.
2, 89, 103
What are the prime factors of 3344?
2, 11, 19
List the prime factors of 12681.
3, 1409
What are the prime factors of 10445?
5, 2089
What are the prime factors of 69?
3, 23
List the prime factors of 30731.
79, 389
List the prime factors of 3748.
2, 937
What are the prime factors of 1196?
2, 13, 23
List the prime factors of 3206.
2, 7, 229
List the prime factors of 6390.
2, 3, 5, 71
List the prime factors of 2206.
2, 1103
What are the prime factors of 6274?
2, 3137
What are the prime factors of 929?
929
List the prime factors of 41986.
2, 7, 2999
List the prime factors of 3875.
5, 31
What are the prime factors of 30840?
2, 3, 5, 257
What are the prime factors of 15183?
3, 7, 241
What are the prime factors of 11258?
2, 13, 433
What are the prime factors of 16615?
5, 3323
What are the prime factors of 70?
2, 5, 7
What are the prime factors of 1077?
3, 359
List the prime factors of 1137.
3, 379
What are the prime factors of 1473?
3, 491
List the prime factors of 680.
2, 5, 17
What are the prime factors of 31558?
2, 31, 509
What are the prime factors of 28075?
5, 1123
What are the prime factors of 118?
2, 59
What are the prime factors of 57267?
3, 7, 101
List the prime factors of 97533.
3, 10837
List the prime factors of 4719.
3, 11, 13
List the prime factors of 3130.
2, 5, 313
What are the prime factors of 116324?
2, 13, 2237
What are the prime factors of 1397?
11, 127
List the prime factors of 9952.
2, 311
List the prime factors of 1740.
2, 3, 5, 29
What are the prime factors of 26440?
2, 5, 661
List the prime factors of 336.
2, 3, 7
List the prime factors of 551.
19, 29
What are the prime factors of 1374?
2, 3, 229
What are the prime factors of 1693?
1693
List the prime factors of 458.
2, 229
List the prime factors of 983.
983
List the prime factors of 25091.
11, 2281
List the prime factors of 3435.
3, 5, 229
List the prime factors of 6863.
6863
List the prime factors of 32794.
2, 19, 863
List the prime factors of 669.
3, 223
What are the prime factors of 1364?
2, 11, 31
What are the prime factors of 30093?
3, 7, 1433
List the prime factors of 1765.
5, 353
What are the prime factors of 1419?
3, 11, 43
List the prime factors of 30888.
2, 3, 11, 13
What are the prime factors of 766?
2, 383
List the prime factors of 3563.
7, 509
List the prime factors of 8616.
2, 3, 359
List the prime factors of 1959.
3, 653
What are the prime factors of 1081?
23, 47
What are the prime factors of 840?
2, 3, 5, 7
List the prime factors of 21150.
2, 3, 5, 47
List the prime factors of 13082.
2, 31, 211
What are the prime factors of 49837?
19, 43, 61
What are the prime factors of 40571?
29, 1399
List the prime factors of 257.
257
List the prime factors of 375.
3, 5
What are the prime factors of 1043?
7, 149
What are the prime factors of 11287?
11287
List the prime factors of 7836.
2, 3, 653
What are the prime factors of 18104?
2, 31, 73
List the prime factors of 30159.
3, 1117
What are the prime factors of 1429?
1429
List the prime factors of 775.
5, 31
What are the prime factors of 1990?
2, 5, 199
List the prime factors of 15742.
2, 17, 463
List the prime factors of 1395.
3, 5, 31
What are the prime factors of 57523?
23, 41, 61
What are the prime factors of 13171?
13171
What are the prime factors of 363?
3, 11
What are the prime factors of 930?
2, 3, 5, 31
List the prime factors of 1378.
2, 13, 53
List the prime factors of 4426.
2, 2213
List the prime factors of 811.
811
What are the prime factors of 11888?
2, 743
What are the prime factors of 93106?
2, 13, 3581
List the prime factors of 230.
2, 5, 23
What are the prime factors of 1407?
3, 7, 67
What are the prime factors of 7861?
7, 1123
List the prime factors of 3871.
7, 79
What are the prime factors of 6327?
3, 19, 37
What are the prime factors of 6769?
7, 967
List the prime factors of 9127.
9127
What are the prime factors of 5454?
2, 3, 101
List the prime factors of 93107.
7, 47, 283
List the prime factors of 1394.
2, 17, 41
List the prime factors of 4159.
4159
What are the prime factors of 5472?
2, 3, 19
List the prime factors of 492.
2, 3, 41
What are the prime factors of 1990?
2, 5, 199
What are the prime factors of 4801?
4801
What are the prime factors of 12700?
2, 5, 127
List the prime factors of 1491.
3, 7, 71
What are the prime factors of 5377?
19, 283
List the prime factors of 17380.
2, 5, 11, 79
List the prime factors of 624.
2, 3, 13
List the prime factors of 381.
3, 127
What are the prime factors of 27979?
7, 571
List the prime factors of 4440.
2, 3, 5, 37
What are the prime factors of 2930?
2, 5, 293
What are the prime factors of 79288?
2, 11, 17, 53
What are the prime factors of 15829?
11, 1439
What are the prime factors of 7787?
13, 599
List the prime factors of 393.
3, 131
List the prime factors of 60207.
3, 7, 47, 61
List the prime factors of 417.
3, 139
What are the prime factors of 16397?
19, 863
List the prime factor